11110101111110110000 - -11?
1011110101111110110011
In base 13, what is 4998 - 1245?
3753
In base 11, what is -5 - 2711a5?
-2711aa
In base 9, what is -17 + -2166400?
-2166417
In base 10, what is -409533 + -20?
-409553
In base 16, what is -6 + -850a41?
-850a47
In base 10, what is -6 - -18441913?
18441907
In base 13, what is a3c1 + -4c0?
9c01
In base 6, what is 243410033 - 21?
243410012
In base 16, what is -32522e9 + 5?
-32522e4
In base 7, what is 53345624 + 3?
53345630
In base 2, what is 11010100111101100100110 - 0?
11010100111101100100110
In base 13, what is -47b4 + -5a62?
-a546
In base 13, what is 237c + -6b5c?
-47b0
In base 9, what is 20181237 + -5?
20181232
In base 2, what is 11001100010 - -1001001010101110?
1001100100010000
In base 6, what is 45241 + 502?
50143
In base 13, what is -7 + c72c8?
c72c1
In base 8, what is -2631435 - 15?
-2631452
In base 2, what is 1 - -11101010110110101010000?
11101010110110101010001
In base 14, what is 3c8d + b5cb?
1147a
In base 15, what is -bd085 - -2dd?
-bcc97
In base 4, what is 103233 + -100012203?
-33302310
In base 10, what is 508751260 + 4?
508751264
In base 9, what is 3716567 + 815?
3717483
In base 4, what is -1000 - 222100131?
-222101131
In base 5, what is -1 - 3444032341?
-3444032342
In base 9, what is -855 - 83180?
-84145
In base 9, what is -24 + -20262?
-20286
In base 14, what is 0 - 9324288?
-9324288
In base 14, what is -1b7c - 28?
-1ba6
In base 4, what is -11110101310 + -1?
-11110101311
In base 15, what is 2 - 645a2da?
-645a2d8
In base 14, what is -5cd74 - -189?
-5cbc9
In base 3, what is -1010102210110 - 112101?
-1010110022211
In base 16, what is -16109a3 - -c?
-1610997
In base 6, what is -4224542 - -131?
-4224411
In base 3, what is 22021102010222 + 21?
22021102011020
In base 14, what is 3 - 364133?
-364130
In base 14, what is 5 + 111b6d97?
111b6d9c
In base 13, what is b431b2 + 4?
b431b6
In base 16, what is -1b - -1af9f3?
1af9d8
In base 11, what is a69 + -224496?
-223528
In base 3, what is -22121022210022 - 120?
-22121022210212
In base 11, what is -5 + 13391a4?
133919a
In base 7, what is -250103025 + -10?
-250103035
In base 14, what is -118 + -5b967c?
-5b9796
In base 7, what is 142106556 + 2?
142106561
In base 7, what is 324 + -462036?
-461412
In base 7, what is -104034200 - 2?
-104034202
In base 3, what is 2102 - 210222111121?
-210222102012
In base 14, what is 0 - 1600ba5?
-1600ba5
In base 9, what is 2 - 10762600?
-10762587
In base 4, what is -1 + 300122022022?
300122022021
In base 5, what is 4 - -203123122?
203123131
In base 15, what is -60a - 74d?
-d58
In base 11, what is -242 + -1146a5a?
-11471a1
In base 2, what is -11010000010111011001010111100 + 101?
-11010000010111011001010110111
In base 3, what is 1002102 + -22112022?
-21102220
In base 16, what is b7 + -b10c?
-b055
In base 11, what is -1098 + a1415?
a0328
In base 15, what is -6086 + 78b5?
182e
In base 7, what is 3 + -60004?
-60001
In base 8, what is -345411736 + 0?
-345411736
In base 4, what is 1303 + -3113323012?
-3113321103
In base 12, what is -21 + 37a326?
37a305
In base 16, what is -62c306a + 2?
-62c3068
In base 14, what is 1abb12 + -9?
1abb07
In base 6, what is 44531 - 2142?
42345
In base 13, what is -b057 - -9b?
-ac89
In base 6, what is 120 - 113534544?
-113534424
In base 8, what is -764161676 + -5?
-764161703
In base 10, what is 1193459 - -8?
1193467
In base 5, what is -1444 - -1141422141?
1141420142
In base 9, what is -23 - -4232460?
4232436
In base 9, what is -3002 + -28015?
-32017
In base 2, what is -100000100001 + 1000101101010?
100101001001
In base 12, what is -3823 - -61?
-3782
In base 3, what is -1000212 - -11200000121?
11121222202
In base 14, what is a - 1b686?
-1b67a
In base 16, what is c - -11bcc6?
11bcd2
In base 16, what is 64d07 - 144?
64bc3
In base 3, what is -11111012110201 - 2?
-11111012110210
In base 13, what is 5 - ac7c0b?
-ac7c06
In base 2, what is 10010000101111001100 - -1?
10010000101111001101
In base 7, what is 365235 - -1156?
366424
In base 7, what is 0 - -21462643?
21462643
In base 14, what is 63954 + -bb?
63877
In base 3, what is -212212021222 + 20221?
-212212001001
In base 9, what is 36361003 - 36?
36360856
In base 10, what is -16 + -801963?
-801979
In base 6, what is 1354352 - 1320?
1353032
In base 4, what is -3101 + 31310211?
31301110
In base 15, what is 12c - -299e7?
29b24
In base 15, what is 1 + -c72e97?
-c72e96
In base 16, what is 0 - 2222f9?
-2222f9
In base 12, what is -2360b9 - -2?
-2360b7
In base 2, what is 100001000011 + -11001001010?
111111001
In base 13, what is 6 - bb61b42?
-bb61b39
In base 3, what is -11 + 11100122002111?
11100122002100
In base 8, what is 2 + -36132645?
-36132643
In base 15, what is e1 - -ee995?
eea86
In base 10, what is 31636 - 108?
31528
In base 11, what is 126884a5 - 1?
126884a4
In base 16, what is -4 + 2e13aea?
2e13ae6
In base 12, what is -65a217 - -7?
-65a210
In base 15, what is 59 + -11192e?
-1118c5
In base 13, what is -565488 - 1?
-565489
In base 6, what is -213251552 - -2?
-213251550
In base 12, what is 4 + 35170b?
351713
In base 16, what is -1d17 + -a79e?
-c4b5
In base 5, what is -21334232 - -3000?
-21331232
In base 8, what is -567 + -4604616?
-4605405
In base 5, what is 1034 - -121444314?
122000403
In base 16, what is 146834 + 15?
146849
In base 7, what is 210315 + 2460?
213105
In base 12, what is -1a8 + -161b9a?
-162186
In base 8, what is -30050 - 30?
-30100
In base 16, what is -1525 + -564d?
-6b72
In base 7, what is -5 + 163041641?
163041633
In base 6, what is 21301251 + -121?
21301130
In base 5, what is 234242 - 40330?
143412
In base 7, what is -2220050 - 12?
-2220062
In base 8, what is 15622 - -722?
16544
In base 14, what is 18 + -112c0?
-112a6
In base 5, what is 124220314 + -2400?
124212414
In base 3, what is 1022112022 + -202121?
1021202201
In base 7, what is 515 + 3254?
4102
In base 12, what is 27366 + -4448?
22b1a
In base 14, what is 5a4c0a - 4?
5a4c06
In base 5, what is -24131320140 + 11?
-24131320124
In base 6, what is 14 + -4243405420?
-4243405402
In base 10, what is 154635 + -290?
154345
In base 15, what is -8 + b65b97?
b65b8e
In base 12, what is -45 - 6a945?
-6a98a
In base 5, what is 4131121 + -2033?
4124033
In base 13, what is -55 - -aa84?
aa2c
In base 7, what is -20 + -115610055?
-115610105
In base 9, what is 3 + -1213150?
-1213146
In base 4, what is 2213321000 + 131?
2213321131
In base 15, what is -d9 + 2260a?
22521
In base 9, what is 662 - 218117?
-217345
In base 2, what is -1001101111111000 - 1001001?
-1001110001000001
In base 6, what is 24240043 - 54?
24235545
In base 10, what is 8133800 - -1?
8133801
In base 8, what is 0 - -42253116?
42253116
In base 10, what is -14726 - 224?
-14950
In base 5, what is -130301 + 413320?
233014
In base 15, what is -41da - 80d3?
-c2bd
In base 3, what is 220 + 122021110010020?
122021110011010
In base 10, what is -37894667 + -4?
-37894671
In base 12, what is 3 - -2b4b78?
2b4b7b
In base 11, what is -2 - 9a012470?
-9a012472
In base 16, what is -e34f149 - -2?
-e34f147
In base 15, what is 5 + a9449c?
a944a2
In base 2, what is 10 + -1000101100101101010111?
-1000101100101101010101
In base 5, what is 10001444410 + 10?
10001444420
In base 15, what is 9eb87 + -2?
9eb85
In base 3, what is 11002201000 + -12?
11002200211
In base 13, what is 2b63 - -48cb?
7761
In base 8, what is -631 + 34625?
33774
In base 6, what is 44121513 + -1022?
44120451
In base 13, what is 3 - -b360c1?
b360c4
In base 16, what is 1fb + -e0c?
-c11
In base 10, what is 12920 - -8027?
20947
In base 13, what is -2 + 4b25b2b?
4b25b29
In base 14, what is 128b1 + -6a5?
1220a
In base 13, what is 38786 + 94?
3884a
In base 16, what is 12c692 - -85?
12c717
In base 14, what is -1b46a - -14?
-1b456
In base 9, what is 168077 + -16?
168061
In base 4, what is -1300013322010 + -1?
-1300013322011
In base 11, what is -7a - -307823?
307754
In base 5, what is -2004440400 - -23?
-2004440322
In base 16, what is -106 + -e22c4?
-e23ca
In base 12, what is 5 + -2b6129?
-2b6124
In base 16, what is -222a - 300?
-252a
In base 13, what is -5390b065 + -3?
-5390b068
In base 16, what is 10325d - -3?
103260
In base 4, what is -212330132000 + 2?
-212330131332
In base 12, what is 0 + -15b28b29?
-15b28b29
In base 12, what is 8854 + -8253?
601
In base 12, what is 569 + 1112?
167b
In base 5, what i